{"id":42,"date":"2014-04-04T11:02:07","date_gmt":"2014-04-04T10:02:07","guid":{"rendered":"http:\/\/xcompany.ch\/home\/?page_id=42"},"modified":"2017-09-05T21:22:26","modified_gmt":"2017-09-05T20:22:26","slug":"spezifikationen-myeasyerp","status":"publish","type":"page","link":"https:\/\/www.xcompany.ch\/home\/produkte\/software-module\/spezifikationen-myeasyerp\/","title":{"rendered":"Spezifikationen &#8211; MyEasyERP"},"content":{"rendered":"<h1>Herausragende Merkmale der ERP-Software<\/h1>\n<h2>High-End-Technologie zu Low-End Preisen<\/h2>\n<ul>\n<li>fortschrittliche und moderne Software zu sehr g\u00fcnstigen Konditionen<\/li>\n<li>sehr geringe Folgekosten und keine Wartungs-Verpflichtungen<\/li>\n<\/ul>\n<h2>Einfaches, hochautomatisiertes Software-Update<\/h2>\n<ul>\n<li>Ein Update ist von jeder Version direkt auf die gerade neuste Version m\u00f6glich<\/li>\n<li>Die Dauer des gesamten Updates betr\u00e4gt nur ca. 15 Minuten<\/li>\n<li>Dadurch werden die Folgekosten auf ein Minimum reduziert<\/li>\n<\/ul>\n<h2>Sehr flexibles Software-Developer-Kit zur Erweiterung der Standard-Software<\/h2>\n<ul>\n<li>vollst\u00e4ndige Integration im automatischen Update<\/li>\n<li>es k\u00f6nnen weiterhin jederzeit Standard-Updates eingespielt werden<\/li>\n<li>Programmierung erfolgt im Visual Studio von Microsoft z.B. in VB.NET<\/li>\n<li>komfortable GUI-Erstellung und -Berarbeitung mit dem Designer des Visual Studios<\/li>\n<li>umfangreicher Code-Generator zur automatischen Generierung von Standard-Code<\/li>\n<li>durch die hohe Flexibilit\u00e4t ist (fast) jede erdenkliche Zusatzprogrammierung m\u00f6glich<\/li>\n<\/ul>\n<h2>Integriertes Dokumenten-Management-System mit direkter Voransicht<\/h2>\n<ul>\n<li>Verwaltung von Dateien und Dokumenten beliebiger Datei-Typen<\/li>\n<li>keine Beschr\u00e4nkung in Anzahl oder Dateigr\u00f6\u00dfe der Dateien und Dokumente<\/li>\n<li>Verkn\u00fcpfen der Dokumente mit beliebigen Objekten (Datens\u00e4tzen), z.B. Adressen, Artikel, Belege<\/li>\n<li>Integrierter Viewer zum direkten Betrachten einer Voransicht (f\u00fcr 150 &#8211; 500 Dateiformate)<\/li>\n<li>Archivieren vom Scanner \u00fcber TWAIN-Treiber, auch mehrseitig<\/li>\n<li>Optionale Auto-Archivierung mit Vorschau f\u00fcr Druck, Fax und E-Mail konfigurierbar<\/li>\n<\/ul>\n<h2>E-Mail- und Office-Integration<\/h2>\n<ul>\n<li>Versand von E-Mails \u00fcber SMTP-Server und direkt \u00fcber Mail-Anwendung m\u00f6glich<\/li>\n<li>Das Druck-Dokument wird im pdf-Format an die E-Mail angeh\u00e4ngt<\/li>\n<li>Automatische Protokollierung aller verschickten E-Mails mit Anh\u00e4nge<\/li>\n<li>E-Mail-Import aus Outlook ins Mail-Archiv<\/li>\n<li>Flexibler Export aller tabellarischen Daten nach Excel<\/li>\n<li>Korrespondenz mit Word \u00fcber selbst vorgefertigte Vorlagen mit Platzhaltern<\/li>\n<\/ul>\n<h2>Fax-Integration<\/h2>\n<ul>\n<li>Nahtlose Zusammenarbeit mit Tobit David und FaxWare oder anderen Programmen<\/li>\n<li>einfaches Faxen \u00fcber den Drucker-Treiber m\u00f6glich<\/li>\n<li>Unterschrift des Anwenders wird automatisch dargestellt<\/li>\n<li>Archivieren sie versandte oder empfangene Dokumente im Dokumentenmanagement<\/li>\n<\/ul>\n<h2>Telefonie-Integration (CTI)<\/h2>\n<ul>\n<li>Einfache Direktwahl von Telefonnummern aus der Programm-Oberfl\u00e4che durch Mausklick<\/li>\n<li>Signalisierung ankommender Anrufe mit Adresse und Ansprechpartner auf dem Bildschirm<\/li>\n<li>Erfassen eingehender Gespr\u00e4che in das der Adresse zugeh\u00f6rige CRM (Kontakt-Management)<\/li>\n<li>optional: Telefonanlage mit Telefon-Journal, erweiterten Funktionen am Telefon, etc.<\/li>\n<\/ul>\n<h2>Automatisierte Abl\u00e4ufe<\/h2>\n<ul>\n<li>Serverbasierende Scheduler-Dienste zur automatischen Ausf\u00fchrung vieler Aufgaben<\/li>\n<li>Die Scheduler-Tasks laufen auch ohne Benutzeranmeldung als Server-Dienste<\/li>\n<li>Backup, EDI, Web-Shop, automatische Disposition, W\u00e4hrungskurse aktualisieren u.v.m.<\/li>\n<\/ul>\n<h2>Intelligentes Wiedervorlage-System<\/h2>\n<ul>\n<li>Universelle, verkn\u00fcpfte Wiedervorlage f\u00fcr beliebige Objekte und Datens\u00e4tze:<\/li>\n<li>Artikel, Angebote, Adressen, CRM-Aktionen, Rechnungen, Mahnungen usw.<\/li>\n<\/ul>\n<h2>Hochintegrierter und leistungsf\u00e4higer Formular-Designer<\/h2>\n<ul>\n<li>ohne Aufpreis bereits in der Basis-Software enthalten<\/li>\n<li>Leichte Anpassung von Formularen und Listen an eigene Bed\u00fcrfnisse<\/li>\n<li>Erstellen beliebiger eigener Formulare und Listen, auch mit Bildern und Diagrammen<\/li>\n<li>Zugriff auf alle Daten der Datenbank sowie Einbinden von ganzen Tabellen m\u00f6glich<\/li>\n<\/ul>\n<h2>Umfangreiche M\u00f6glichkeiten f\u00fcr eigene Listen und Auswertungen<\/h2>\n<ul>\n<li>Selektion von beliebigen Daten und Daten-Zusammenh\u00e4ngen f\u00fcr eigene Listen<\/li>\n<li>Komfortables Erstellen der Daten-Auswahl per Drag &amp; Drop im Microsoft SQL Server Mangement Studio<\/li>\n<li>Einbinden der eigenen Listen in das Hauptmen\u00fc mit dem Listen-Generator<\/li>\n<\/ul>\n<h2>Hochfunktionale ergonomische Benutzer-Oberfl\u00e4che<\/h2>\n<ul>\n<li>Einheitliche Logik f\u00fcr alle Men\u00fc-Funktionen (Teil-Programme des ERP-Systems)<\/li>\n<li>Durchdachtes Fensterkonzept sorgt f\u00fcr \u00dcbersichtlichkeit<\/li>\n<li>Klare Strukturierung der Men\u00fc-Funktionen nach Aufgabenbereichen<\/li>\n<li>Vielf\u00e4ltige Such-, Sortier- und Selektionsm\u00f6glichkeiten<\/li>\n<li>Men\u00fc-Funktionen k\u00f6nnen mittels externer Fenster auf mehrere Monitore verteilt werden<\/li>\n<li>Jede Men\u00fc-Funktion l\u00e4\u00dft sich beliebig oft \u00f6ffnen, z.B. Anzeige mehrerer Kunden gleichzeitig<\/li>\n<li>Eingabe der Daten erfolgt per Maus und Tastatur oder wahlweise gr\u00f6\u00dftenteils nur mittels Tastatur<\/li>\n<\/ul>\n<h2>Hoch integrierte und sehr anpassungsf\u00e4hige eigene Zusatzfelder<\/h2>\n<ul>\n<li>praktisch beliebig viele Zusatzfelder (Individual-Variablen) an (fast) jeder Men\u00fc-Funktion einstellbar<\/li>\n<li>Bezeichnung (auch mehrsprachig) sowie Steuerelementtyp frei w\u00e4hlbar, z.B. Text, Datum, Kommazahl<\/li>\n<\/ul>\n<h2>Durchgehende Verwendung von GUIDs als Prim\u00e4rschl\u00fcssel<\/h2>\n<ul>\n<li>GUIDs\u00a0 (global eindeutige Identifizierer) sind ein modernes Mittel zur eindeutigen Identifikation der Datens\u00e4tze<\/li>\n<li>weltweite Eindeutigkeit jeder einzelnen GUID<\/li>\n<li>Konflikte, beispielsweise bei nahezu zeitgleich eingef\u00fcgten Datens\u00e4tzen, sind ausgeschlossen<\/li>\n<li>ein Client kann jederzeit eine GUID erzeugen und muss nicht den Server bem\u00fchen<\/li>\n<li>Datens\u00e4tze aus gleichen Tabellen verschiedener Datenbanken k\u00f6nnen sofort zusammengef\u00fchrt werden<\/li>\n<li>grunds\u00e4tzlich f\u00f6rdern GUIDs die Geschwindigkeit und sparen Netzwerklast ein<\/li>\n<\/ul>\n","protected":false},"excerpt":{"rendered":"<p>Herausragende Merkmale der ERP-Software High-End-Technologie zu Low-End Preisen fortschrittliche und moderne Software zu sehr g\u00fcnstigen Konditionen sehr geringe Folgekosten und keine Wartungs-Verpflichtungen Einfaches, hochautomatisiertes Software-Update&hellip;<\/p>\n","protected":false},"author":1,"featured_media":0,"parent":814,"menu_order":0,"comment_status":"closed","ping_status":"closed","template":"","meta":{"footnotes":""},"_links":{"self":[{"href":"https:\/\/www.xcompany.ch\/home\/wp-json\/wp\/v2\/pages\/42"}],"collection":[{"href":"https:\/\/www.xcompany.ch\/home\/wp-json\/wp\/v2\/pages"}],"about":[{"href":"https:\/\/www.xcompany.ch\/home\/wp-json\/wp\/v2\/types\/page"}],"author":[{"embeddable":true,"href":"https:\/\/www.xcompany.ch\/home\/wp-json\/wp\/v2\/users\/1"}],"replies":[{"embeddable":true,"href":"https:\/\/www.xcompany.ch\/home\/wp-json\/wp\/v2\/comments?post=42"}],"version-history":[{"count":1,"href":"https:\/\/www.xcompany.ch\/home\/wp-json\/wp\/v2\/pages\/42\/revisions"}],"predecessor-version":[{"id":43,"href":"https:\/\/www.xcompany.ch\/home\/wp-json\/wp\/v2\/pages\/42\/revisions\/43"}],"up":[{"embeddable":true,"href":"https:\/\/www.xcompany.ch\/home\/wp-json\/wp\/v2\/pages\/814"}],"wp:attachment":[{"href":"https:\/\/www.xcompany.ch\/home\/wp-json\/wp\/v2\/media?parent=42"}],"curies":[{"name":"wp","href":"https:\/\/api.w.org\/{rel}","templated":true}]}}