{"id":175,"date":"2014-09-20T22:02:30","date_gmt":"2014-09-20T21:02:30","guid":{"rendered":"http:\/\/www.xcompany.ch\/home\/?page_id=175"},"modified":"2017-09-05T21:36:36","modified_gmt":"2017-09-05T20:36:36","slug":"leitbild","status":"publish","type":"page","link":"https:\/\/www.xcompany.ch\/home\/unternehmen\/leitbild\/","title":{"rendered":"Leitbild"},"content":{"rendered":"<h1>Herzlich willkommen!<\/h1>\n<div>\n<p>Firmen, die Sie in strategischen, technischen oder betriebswirtschaftlichen Fragen rund um die Informations- und Kommunikationstechnologien beraten und unterst\u00fctzen, gibt es viele. Einige sind sogar gut. Doch ich bin anders: Selbstverst\u00e4ndlich bin ich kompetent und erfahren &#8211; aber auch offen und fair.<\/p>\n<p>Ich berate unsere Kunden ehrlich und transparent. Mein Ziel ist es, Ihre ICT-Infrastruktur darauf auszurichten Sie bei Ihrer t\u00e4glichen Arbeit effizient und effektiv zu unterst\u00fctzen und Ihnen zu helfen Ihre Ziele zu erreichen. Unter dem Strich geht es darum, f\u00fcr Sie einen wirklichen Mehrwert zu schaffen, weil Ihre ICT-Infrastruktur viel mehr bringt als kostet.<\/p>\n<p>Sagen Sie was Sie brauchen, ich unterst\u00fctze Sie von A bis Z. Wir modellieren gemeinsam Ihre neue ICT-Infrastruktur, evaluiere f\u00fcr Sie Software-L\u00f6sungen, koordiniere als Projektleiter Ihre Migrations- oder andere Projekte. Mit meiner &#8222;Gr\u00f6sse&#8220; bin ich der richtige Partner f\u00fcr KMU&#8217;s und ja ich bin gross genug um Sie umfassend zu betreuen und klein genug um Sie pers\u00f6nlich zu beraten.<br \/>\n<strong><span style=\"font-family: Thread-000017dc-Id-0000029f;\">[print_link]<\/span><\/strong><\/p>\n<p>[su_carousel source=&#8220;media: 239,205,197,204,203,194,196,195,182,128,149,124,120&#8243;]<\/p>\n<\/div>\n","protected":false},"excerpt":{"rendered":"<p>Herzlich willkommen! Firmen, die Sie in strategischen, technischen oder betriebswirtschaftlichen Fragen rund um die Informations- und Kommunikationstechnologien beraten und unterst\u00fctzen, gibt es viele. Einige sind&hellip;<\/p>\n","protected":false},"author":1,"featured_media":0,"parent":835,"menu_order":0,"comment_status":"closed","ping_status":"closed","template":"","meta":{"footnotes":""},"_links":{"self":[{"href":"https:\/\/www.xcompany.ch\/home\/wp-json\/wp\/v2\/pages\/175"}],"collection":[{"href":"https:\/\/www.xcompany.ch\/home\/wp-json\/wp\/v2\/pages"}],"about":[{"href":"https:\/\/www.xcompany.ch\/home\/wp-json\/wp\/v2\/types\/page"}],"author":[{"embeddable":true,"href":"https:\/\/www.xcompany.ch\/home\/wp-json\/wp\/v2\/users\/1"}],"replies":[{"embeddable":true,"href":"https:\/\/www.xcompany.ch\/home\/wp-json\/wp\/v2\/comments?post=175"}],"version-history":[{"count":4,"href":"https:\/\/www.xcompany.ch\/home\/wp-json\/wp\/v2\/pages\/175\/revisions"}],"predecessor-version":[{"id":314,"href":"https:\/\/www.xcompany.ch\/home\/wp-json\/wp\/v2\/pages\/175\/revisions\/314"}],"up":[{"embeddable":true,"href":"https:\/\/www.xcompany.ch\/home\/wp-json\/wp\/v2\/pages\/835"}],"wp:attachment":[{"href":"https:\/\/www.xcompany.ch\/home\/wp-json\/wp\/v2\/media?parent=175"}],"curies":[{"name":"wp","href":"https:\/\/api.w.org\/{rel}","templated":true}]}}